1000222102100
-8572325 (base 9) to base 3
-22122102100212
Convert -12402002 (base 5) to base 11.
-83835
Convert 104125252 (base 6) to base 5.
440042132
110010111011000001 (base 2) to base 16
32ec1
-22031212 (base 5) to base 2
-101110010001110101
Convert 133024125 (base 6) to base 7.
31430363
What is -3021082 (base 10) in base 8?
-13414432
What is -1256044 (base 7) in base 2?
-101000010111101110
What is 20dd52 (base 14) in base 8?
4177524
What is 5434174 (base 8) in base 7?
15243430
1a953e (base 16) to base 9
3244683
-1100100101110011101101 (base 2) to base 7
-40024465
Convert 223150414 (base 6) to base 11.
2332516
Convert 3ab573 (base 14) to base 4.
13233111201
Convert -101011101110111111001001 (base 2) to base 4.
-223232333021
-45131261 (base 7) to base 3
-21100111021102
-5461 (base 12) to base 8
-22111
-5827807 (base 11) to base 14
-14d2043
Convert -4362181 (base 9) to base 3.
-11102002012201
What is -164155 (base 12) in base 11?
-23a860
Convert -5232354 (base 6) to base 3.
-110212110021
-7039c (base 16) to base 5
-104202201
Convert -301 (base 5) to base 11.
-6a
-1475a2 (base 16) to base 15
-1b743e
1132331111 (base 5) to base 13
709b77
Convert -11510183 (base 9) to base 6.
-320213420
-141302121 (base 5) to base 13
-1c6718
Convert 61998 (base 12) to base 13.
460a0
What is -130022121301 (base 4) in base 11?
-4192762
-1243124 (base 6) to base 2
-10000100111111100
What is 616703 (base 9) in base 5?
43201144
560a (base 16) to base 3
1010012210
Convert 1101111101111100001 (base 2) to base 3.
212020211202
-bf2357 (base 16) to base 3
-212120102000121
Convert 344221114 (base 5) to base 8.
5734146
Convert 2c507 (base 14) to base 15.
22c32
Convert -2002364 (base 7) to base 10.
-236177
Convert 871c4 (base 13) to base 16.
3b9e4
130301010212 (base 4) to base 12
2638032
d5117 (base 15) to base 16
a4daf
Convert 12236641 (base 7) to base 3.
2001222201021
What is 13443440 (base 5) in base 3?
21010201112
2012210120222 (base 3) to base 5
300131122
2070755 (base 9) to base 5
241000201
What is -136398 (base 11) in base 10?
-213430
-b73055 (base 15) to base 3
-121101220102222
Convert 2323231 (base 6) to base 9.
202511
Convert -4c771 (base 16) to base 4.
-1030131301
201121101221110 (base 3) to base 13
220ac64
What is -25290 (base 11) in base 7?
-210524
What is -15a144 (base 11) in base 9?
-416741
276d08 (base 14) to base 10
1363580
50264553 (base 7) to base 10
4167390
Convert 3804233 (base 9) to base 6.
112210303
Convert -2333153 (base 6) to base 2.
-11101100110011101
What is 219f0 (base 16) in base 10?
137712
10001001000101001001011 (base 2) to base 3
22110012122212
105333416 (base 7) to base 13
1436639
What is -33cd0 (base 14) in base 13?
-45485
Convert -12151c (base 14) to base 5.
-124242111
What is 1117150 (base 8) in base 13?
a7a14
Convert 102011020 (base 4) to base 9.
122524
-1706019 (base 12) to base 6
-245320033
-1348761 (base 10) to base 2
-101001001010010011001
5204 (base 15) to base 13
7b70
What is -2141036 (base 8) in base 15?
-b5107
22b90 (base 13) to base 7
353052
What is -3d6a28 (base 15) in base 16?
-2d25c4
Convert 24542417 (base 8) to base 6.
312132543
110011122 (base 4) to base 16
1415a
What is 27325 (base 11) in base 3?
1222111001
Convert 5b929 (base 13) to base 11.
105688
What is -154cbb (base 13) in base 7?
-4314545
Convert 76c0d (base 14) to base 12.
11a625
Convert -10150331 (base 6) to base 9.
-487651
What is 32426005 (base 7) in base 15?
39da9a
Convert 10010010101011001101 (base 2) to base 12.
24b811
What is 2210000020022 (base 3) in base 10?
1476395
Convert 1322350 (base 7) to base 5.
21024430
-1228238 (base 12) to base 15
-49da1b
762728 (base 11) to base 13
338965
What is -2434112 (base 6) in base 11?
-89096
What is -2b215b (base 16) in base 10?
-2826587
-89719 (base 11) to base 16
-1fbb6
What is 90422 (base 10) in base 4?
112010312
What is -10111101110000111 (base 2) in base 14?
-2759d
What is 100011111100110001100 (base 2) in base 8?
4374614
b818 (base 12) to base 14
74d6
Convert 121111 (base 8) to base 10.
41545
2234213 (base 5) to base 14
107a5
What is 1011100000001000011 (base 2) in base 9?
634006
What is -729510 (base 11) in base 2?
-100011101011101010010
Convert -20241 (base 12) to base 11.
-29459
What is 7c6a60 (base 13) in base 7?
34063133
What is 55635155 (base 7) in base 15?
651d8e
-330bc8 (base 14) to base 7
-20466541
322599 (base 10) to base 11
200412
Convert 12323321332 (base 5) to base 10.
15057717
-22172 (base 8) to base 16
-247a
What is -20bb2 (base 15) in base 14?
-29c0c
What is 6147573 (base 8) in base 4?
12030331323
What is -1101101000001000101 (base 2) in base 12?
-1964b1
-2299a5 (base 11) to base 7
-3045610
Convert 351133 (base 7) to base 14.
18c8a
5843085 (base 9) to base 16
303059
Convert -75297 (base 10) to base 8.
-223041
Convert -5cc72 (base 13) to base 6.
-3401002
Convert -110021020002011 (base 3) to base 13.
-14735c5
What is 6868c6 (base 16) in base 15?
902661
What is -11110100111010100111 (base 2) in base 12?
-40465b
-5a24b (base 13) to base 6
-3312412
186356e (base 15) to base 14
250bc01
What is 21465401 (base 7) in base 9?
3426325
44bb74 (base 15) to base 14
61532d
23315530 (base 6) to base 3
1100212112100
What is 2eed53 (base 16) in base 14?
5a0ac3
What is 2a5a8a2 (base 11) in base 12?
190914b
Convert -13481648 (base 9) to base 8.
-31335743
1207205 (base 8) to base 5
41101042
What is -15304403 (base 7) in base 8?
-5452744
11020121011 (base 3) to base 10
83542
What is 1020113132332 (base 4) in base 10?
18970558
What is 30710 (base 11) in base 13?
174c9
-26500 (base 14) to base 7
-541600
Convert -12213422 (base 5) to base 16.
-1c801
What is d913 (base 14) in base 15?
b16d
32154411 (base 6) to base 12
398a07
-47694 (base 10) to base 6
-1004450
Convert -4c2ed9 (base 16) to base 10.
-4992729
What is 3351101 (base 9) in base 10?
1805086
73024 (base 9) to base 5
3020021
1004255010 (base 6) to base 16
9cf94e
What is -16b1c34 (base 13) in base 4?
-130020003032
What is -201110010221 (base 3) in base 9?
-643127
Convert -11122660 (base 7) to base 13.
-279913
-432345345 (base 6) to base 15
-a1ae28
1249cc1 (base 14) to base 15
b8842a
Convert -1744226 (base 9) to base 15.
-143970
1133141 (base 5) to base 14
7954
What is -101135624 (base 7) in base 9?
-12104825
Convert -2e0e5d (base 16) to base 9.
-5610333
111010001010 (base 2) to base 5
104342
What is -1c3cc (base 16) in base 3?
-12212122201
68117 (base 9) to base 10
45295
What is -164251 (base 13) in base 9?
-1030887
Convert 166d87 (base 15) to base 10.
1086427
Convert -110847 (base 10) to base 6.
-2213103
What is -55ec (base 16) in base 9?
-33150
Convert -1340b9 (base 15) to base 7.
-10601400
2726a (base 11) to base 16
9805
Convert -194bd0 (base 14) to base 9.
-1616255
b38a1 (base 12) to base 2
111001010000111001
Convert -1000101000000110010 (base 2) to base 12.
-117702
What is 10210122111 (base 3) in base 9?
123574
Convert 2040501 (base 6) to base 13.
35bb7
148168 (base 9) to base 10
91268
What is -1699d3 (base 14) in base 15?
-10a82a
-10013000333 (base 4) to base 11
-676444
-242213151 (base 6) to base 4
-101200210123
What is 16bb278 (base 12) in base 6?
245145432
Convert -48640 (base 14) to base 15.
-375ed
-679a54 (base 11) to base 15
-165911
2001322201 (base 4) to base 16
81ea1
-10402103040 (base 5) to base 12
-397b8bb
-2941fc (base 16) to base 12
-aa48a4
What is 5421847 (base 9) in base 14?
559a63
-200115343 (base 6) to base 4
-30312220233
Convert a181 (base 15) to base 16.
8530
What is -1001101110111111111111 (base 2) in base 6?
-130405531
What is -2113450 (base 7) in base 15?
-50bb1
What is 10121404 (base 5) in base 16?
14329
-2101513 (base 6) to base 14
-28db7
Convert 12301121133 (base 4) to base 14.
342d1d
Convert -1690006 (base 11) to base 14.
-549b06
What is -2e26b (base 15) in base 2?
-100100011000111011
Convert -22cc0 (base 13) to base 11.
-4394a
What is -12a534 (base 16) in base 12?
-4ab184
2801d (base 15) to base 16
1f516
What is -1122012010222 (base 3) in base 9?
-1565128
What is 101b025 (base 14) in base 3?
112022000201200
What is -2a6512 (base 11) in base 9?
-806428
What is -714ab6 (base 12) in base 15?
-24eb50
What is 1000010111001001010101 (base 2) in base 14?
410b65
What is -37e23d (base 15) in base 16?
-28e5c2
Convert -401906 (base 12) to base 